3 - (1 - -3)).
-2
Evaluate 6 + (-14 - -4 - -2).
-2
Calculate -2 + -4 + -3 - -2.
-7
Evaluate (-1 + -1 - (-23 + 23)) + 4.
2
2 + -2 + -4 - -6 - 1
1
Calculate 4 + (3 - 2) + 0.
5
What is 3 - 0 - (1 + 4)?
-2
6 - (-4 + (5 - -3))
2
Evaluate (-1 - (-3 + 2)) + -1 + -6.
-7
Evaluate 1 + -7 + (-3 - (-1 + -3)).
-5
Evaluate 2 - (-4 + 0 - -6).
0
2 + -7 + 1 - 1
-5
What is -4 - 2 - (3 + -5) - -2?
-2
What is 9 - (2 - (7 + -9))?
5
-2 + 4 - -4 - 2
4
-1 - (-7 + (1 - -2))
3
Evaluate (2 - (0 + 0)) + (-6 - -2).
-2
Calculate 6 + (-2 - (22 + -4 + -3)).
-11
1 + 10 + (-6 - 1)
4
What is the value of -11 + 12 + (-3 - -2) + -2?
-2
What is the value of (2 - (2 + -3 - -3)) + 4?
4
Evaluate 1 + -2 - (-8 + 1 - -5).
1
4 - -4 - -4 - 12
0
Evaluate 4 + (0 - -3) + -8.
-1
Evaluate -1 - (-4 - (-13 + (4 - 0))).
-6
What is -2 + 5 + (-3 - -3)?
3
What is (-1 - 6 - (13 - 12)) + 3?
-5
What is the value of 4 + -6 + -4 - -4?
-2
0 + -4 - (-5 - -2)
-1
What is 6 - (3 - (3 + (-9 - -2)))?
-1
What is 5 + (7 - 7) - 0?
5
10 - (13 - 20 - -19)
-2
What is the value of 3 - 5 - -6 - 3?
1
What is -5 + 0 + 5 + -1 + 3?
2
5 + -1 + -2 + (7 - 6)
3
Evaluate 1 + (8 - 1 - 7 - 4).
-3
What is 13 + -13 + -1 + 4?
3
What is the value of 3 - -6 - (5 - 0)?
4
What is the value of 1 - (-7 - (0 - -4 - 8))?
4
What is 8 + -11 - (0 + 1 + 0)?
-4
What is 4 + (-2 - -4 - (29 + -24))?
1
11 - 10 - (-9 - 0)
10
-4 + 2 + (-17 - -23) + 0
4
What is -2 + (-8 - (-2 + -2)) - -7?
1
What is the value of -5 - (3 - (3 + 1))?
-4
What is (-8 - -9) + (1 - -1 - -1)?
4
3 - (5 - 5 - -4)
-1
Evaluate -5 + 6 + -4 + -1.
-4
What is the value of 11 + -8 + (2 - 4)?
1
7 - (-5 + 5 + -1) - 5
3
Calculate 2 + 1 + -3 + 1 + 3.
4
Calculate 4 - ((-1 - -4) + -3).
4
Evaluate 27 - 33 - (0 - 4).
-2
Evaluate -2 + (-5 - -4) + 1 - 2.
-4
(0 - 10) + (7 - 1) + -2
-6
(-2 - (-6 + -7)) + -5
6
-21 + -14 + 8 + 19
-8
What is 4 - (-6 - (-3 - (-2 - -3)))?
6
What is the value of 4 - (6 - (2 - 2))?
-2
(11 - 16 - -3) + -5
-7
Evaluate -9 - (3 + -3 - (3 - 5)).
-11
Evaluate (5 - 1) + 3 + -3 + -6.
-2
9 - 4 - -2 - 2
5
What is the value of -6 - ((-2 - 0) + (-16 - -13))?
-1
Evaluate -5 + -6 + 9 + 3.
1
Calculate 6 - (9 + 6 + (-14 - -4)).
1
Calculate 1 - -1 - (-10 - -10) - 2.
0
Calculate 1 - ((-1 - (-1 + 2)) + -2).
5
What is -3 - (8 + -11) - (2 - -1)?
-3
What is 1 - 2 - (-7 - -12)?
-6
What is -8 - ((-11 - -7) + 0)?
-4
What is 10 + -5 + (-2 + -4 - 3)?
-4
Calculate -2 + 2 + (-2 - (2 - 2)).
-2
What is the value of -14 - (-3 + (-4 - -8)) - -8?
-7
Evaluate 8 - 11 - (8 - (8 - 5)).
-8
What is (-13 - -17 - (-3 - -1)) + -3?
3
What is the value of 11 - (8 + -13 - (4 + -13))?
7
What is the value of -5 + (23 - 5) + -8 + -13?
-8
Evaluate 12 - (4 - (-1 + -2)).
5
Evaluate -6 - (-2 + (-1 - -3) - 0).
-6
What is -1 + (-3 - -4) + -1 + 1?
0
Calculate (-16 - -23) + 1 + -11.
-3
Evaluate -5 + -1 + 1 + 0.
-5
8 - (11 - (-4 + 4))
-3
What is the value of -4 + (5 - (2 - -3))?
-4
(-37 - -37) + -1 + -1
-2
Evaluate -2 - -4 - (1 - -2).
-1
Evaluate 0 + -1 + 1 + 1.
1
Evaluate -3 + -4 + 5 + -2.
-4
-279 + 279 + (1 - -2 - 1)
2
Evaluate -9 + 7 + (1 - -2).
1
(-1 - -1) + 45 + -44
1
What is the value of -11 - ((-1 - 4) + -9)?
3
(-2 - (2 - 0)) + 19 + -12
3
Calculate 0 - (7 - -1 - 7).
-1
Calculate 4 + (-1 - (0 + 2)) - 2.
-1
Evaluate -3 - ((-3 - -5) + 3 - 11).
3
What is -4 - (-1 + (-3 - -3))?
-3
Calculate -3 + 2 + -2 + 1.
-2
Calculate (1 - -1) + -9 + 16 + -12.
-3
What is 3 + -6 - (4 - 7) - -6?
6
-3 - (-6 + -3 + 11)
-5
Evaluate 2 - 7 - (-22 - -19).
-2
What is -114 - -119 - (12 + 1)?
-8
What is the value of (2 - (-2 + 3)) + (-3 - -2)?
0
Calculate -9 + (6 - (9 - 7)).
-5
Evaluate 2 - (-2 - -7) - -8.
5
What is the value of (5 - -1) + 7 + -18?
-5
Calculate -1 - -5 - (5 - 2).
1
-9 + 4 - (-1 + -3)
-1
What is the value of 3 - (-3 - (1 - -4 - 10))?
1
Evaluate 2 - 2 - (-2 - 1).
3
Calculate (-2 + (-3 - 3) - -5) + 2.
-1
Calculate -8 + 5 - (-1 + -4).
2
Evaluate 3 - (1 + -2 + (0 - -3)).
1
Calculate -8 + (-3 - -4) - -5.
-2
What is the value of 6 - 14 - -5 - (2 + 0)?
-5
Calculate (2 - (15 - 5)) + 3.
-5
Evaluate (-2 - 1 - -2) + 14 + -7.
6
Evaluate (15 - 3) + -7 - (-2 + -3).
10
Calculate 4 - (6 + 14 + -10).
-6
What is the value of 9 - (10 + -10 + (0 - -6))?
3
Evaluate -1 - -1 - ((2 - 0) + 2).
-4
Calculate -5 - 0 - -4 - -6.
5
Evaluate (-5 - (1 - 5)) + -2.
-3
What is the value of 10 + (-11 - 0) + 5?
4
Evaluate 5 - ((-5 - -15) + -9).
4
Evaluate 2 - ((-4 - -2) + 7).
-3
Evaluate (-19 + 7 - 0) + 12.
0
What is the value of 5 - (-2 - (2 + -7 - -3))?
5
What is the value of (-1 - 8) + (110 - 98)?
3
What is the value of -12 - 3 - (47 + -53)?
-9
Evaluate 0 + -5 + (8 - 5).
-2
-24 - -29 - (11 - 1)
-5
What is 6 - (16 + 3 + -10)?
-3
Calculate 5 + -1 + 1 + -3.
2
What is the value of -6 + (0 - -1 - 0)?
-5
Evaluate -1 - (-7 + (-6 - -10)).
2
Calculate (-3 + 6 - 4) + -1.
-2
What is (0 - 3) + (-38 - -34)?
-7
Evaluate -6 + (-12 - (10 + -32)).
4
Evaluate 4 + (-2 - (-4 + 6)).
0
Calculate (13 - (4 + 8)) + (-1 - -9).
9
-1 - ((-3 + 3 - 3) + -1)
3
Evaluate 7 + (-2 - 1) + -4.
0
What is 0 - -8 - (29 + -25)?
4
-7 - -2 - (-2 - -1 - 3)
-1
What is the value of 4 + 2 - 0 - (17 + -7)?
-4
(3 - (-5 + 1 - -11)) + -3
-7
Evaluate -30 + 36 + (0 - -2).
8
What is -1 + (4 - (6 - 8 - -3))?
2
What is the value of -2 + -1 + 0 + (-18 - -23)?
2
Calculate -2 + 18 + (-9 + 3 - 0).
10
0 - -3 - (-5 + (6 - 1))
3
Evaluate -8 - (-11 - (-2 - 5)).
-4
Calculate (-4 - -6) + -11 - -11.
2
Calculate 1 - (-7 - -3) - (-3 + 11).
-3
Calculate (2 - 1) + -3 - (-1 - -4).
-5
2 + 8 + (5 - 7)
8
-2 + 0 + 1 + -1 + 5
3
Calculate 0 + 9 + -5 - 1.
3
Calculate -4 + -9 - (-20 - -14).
-7
What is 10 + (23 - 41) + 0 + 10?
2
Calculate 13 + -9 + -7 + 14.
11
(-1 + 2 - 4 - 2) + 6
1
What is (-1 + 2 - 1) + 74 + -64?
10
What is the value of 18 + -19 + (-1 - 3)?
-5
Calculate (-3 - -2) + 3 - 9.
-7
Evaluate 7 + -2 - (-26 + 28).
3
Calculate 2 + (-5 - 3 - -5).
-1
Evaluate -14 - -19 - (0 + 5) - 8.
-8
What is -2 - -13 - (1 + 4)?
6
10 - (6 + 5 + 6)
-7
Evaluate -1 + 1 + 1 + -2 + -2.
-3
4 + 4 + -10 - (-22 + 9)
11
What is -4 + (-1 - -2) - (315 - 312)?
-6
What is the value of (-10 - (-7 - -5)) + 10?
2
(-16 - -4) + 8 + 7
3
What is the value of 16 + -15 + (2 - 2 - 6)?
-5
Evaluate 4 + 1 + 0 + -8.
-3
Evaluate 5 + (-6 - -5) - (6 - 1).
-1
Calculate (2 - (-3 + 5)) + -1 + 1.
0
What is the value of 5 + -14 + 1 + (6 - 1)?
-3
2 + -6 + 6 + (-1 - 6)
-5
3 - -1 - 3 - (-1 + 0)
2
What is -3 + -3 + 0 + -5 + 3?
-8
Evaluate 6 + -10 + -6 + 5.
-5
What is the value of 5 - (-6 - 1 - -10)?
2
2 + (-2 - 1) + 5 + -4
0
What is (-5 - -2) + 5 + -1 + 5?
6
What is the value of 1 + -4 + 10 - 8?
-1
What is -3 + 7 + -1 + -5 + 0?
-2
Calculate -3 + 8 + -16 + 15.
4
What is the value of (-13 - 3) + 7 - (0 + -4)?
-5
What is (3 - (8 + -3)) + (0 - -7)?
5
5 - (0 + (0 - -3))
2
17 - (10 - (18 + -14))
11
What is 8 + -20 + (-6 - -12)?
-6
Evaluate 15 + -8 + -9 - -5.
3
4 + -14 + (20 - 6)
4
What is the value of 4 + 8 - (15 + -5 + -5)?
7
-1 + 4 + -4 + 1 + 0
0
Calculate (-19 + 10 - -11) + (-1 - 1).
0
What is the value of -5 + -7 + 14 + -4?
-2
Evaluate -1 + 1 + -64 + 66.
2
Evaluate -8 + (3 - (-1 - 1)) - -8.
5
What is the value of -2 + 3 - ((2 - 0) + 2)?
-3
Evaluate -5 + 0 + 1 + 5.
1
What is (0 - 4) + 2 + -2 + 7?
3
Evaluate 0 + 2 - (-5 - -7) - -1.
1
What is the value of -7 + 12 - -1 - (4 + 1)?
1
5 + -2 + -4 + 4
3
What is the value of 4 + (-15 - (5 - 10))?
-6
2 - 6 - (-6 + (-10 - -7))
5
What is 0 - (-3 + 14 + -6)?
-5
Calculate 0 - (2 - 0 - (-8 - -14)).
4
Evaluate 1 + 0 + -4 - (23 - 22).
-4
Calculate 3 + 3 + -4 + 1 + -4.
-1
What is the value of -1 - (0 + -2 + 2) - -2?
1
What is the value of 2 - (8 + -15 + 0 - -8)?
1
What is 1 - (-2 - -1) - -3?
5
(1 + 0 - -1) + -3
-1
What is -11 - -11 - (2 - 5 - 1)?
4
Calculate -5 + (-10 - -4) + 3.
-8
Calculate 0 + (1 + 1 - 0).
2
What is the value of (3 + -7 - -7) + -1 + 2?
4
-7 + 5 + 0 + 8
6
What is -3 - (-3 + 3 + (-7 - -6))?
-2
0 - (4 + -5) - -5
6
Evaluate 5 + -9 - (0 - (-2 - -1)).
-5
Calculate -8 + (3 - (-1 - (1 + -1))).
-4
Evaluate -13 + (-13 - -8) + 24.
6
Evaluate 0 + (5 - (8 - 8)) + -12.
-7
Evaluate 2 + 0 + (2 - 6).
-2
Evaluate 2 - (1 + -3 - -2).
2
What is the value of 10 + -6 + 2 - 3?
3
Calculate (7 - (4 + -2) - 3) + 1.
3
What is the value of -1 + 1 + (13 - 14)?
-1
What is -2 - (-7 + 3 - -1) - -1?
2
Evaluate 3 + 1 + (-2 - (6 + -9)).
5
What is the value of 3 + (0 - (-2 + 2) -